{"id":26,"date":"2015-10-10T01:27:52","date_gmt":"2015-10-10T01:27:52","guid":{"rendered":"http:\/\/hitechtemp.com\/principal\/?page_id=26"},"modified":"2026-04-28T23:16:03","modified_gmt":"2026-04-28T23:16:03","slug":"aviso-de-privacidad","status":"publish","type":"page","link":"https:\/\/hitechtemp.com\/principal\/index.php\/aviso-de-privacidad\/","title":{"rendered":"Aviso de Privacidad"},"content":{"rendered":"<div class=\"et_pb_section_0 et_pb_section et_section_regular et_block_section\">\n<div class=\"et_pb_row_0 et_pb_row et_block_row\">\n<div class=\"et_pb_column_0 et_pb_column et_pb_column_4_4 et-last-child et_block_column et_pb_css_mix_blend_mode_passthrough\">\n<div class=\"et_pb_text_0 et_pb_text et_pb_bg_layout_light et_pb_module et_flex_module\"><div class=\"et_pb_text_inner\"><p>AVISO DE PRIVACIDAD<\/p>\n<\/div><\/div>\n\n<div class=\"et_pb_text_1 et_pb_text et_pb_bg_layout_light et_pb_module et_block_module\"><div class=\"et_pb_text_inner\"><p>En t\u00e9rminos de lo previsto en la Ley Federal de Protecci\u00f3n de Datos Personales en Posesi\u00f3n de los Particulares (en lo sucesivo denominada como \u201cla Ley\u201d) Grupo Hi Tech Temp de M\u00e9xico\u00a0con domicilio ubicado en Miguel Barragan 7107, Fraccionamiento Chihuahua.\u00a0Chihuahua, Chihuahua, M\u00e9xico C.P. 31110. Con direcci\u00f3n electr\u00f3nica\u00a0<a href=\"http:\/\/hitechtemp.com\/\">http:\/\/hitechtemp.com\/<\/a>\u00a0establece el presente Aviso de Privacidad de conformidad con lo siguiente:<\/p>\n<p>T\u00e9rminos y Condiciones:<\/p>\n<p>1 El presente Aviso de Privacidad tiene por objeto la protecci\u00f3n de los datos personales y sensibles de los integrantes de Grupo Hi Tech Temp de M\u00e9xico (Personal Administrativo y T\u00e9cnico) mediante su tratamiento legitimo, controlado e informado a efecto de garantizar su privacidad, as\u00ed como el derecho a la autodeterminaci\u00f3n informativa.<\/p>\n<p>2 Al Proporcionar Datos Personales y Sensibles por escrito a trav\u00e9s de una solicitud en forma sonora o verbal en formato en papel, formato digital, correo electr\u00f3nico, o cualquier otro veh\u00edculo de comunicaci\u00f3n, aceptas y autorizas a Grupo Hi Tech Temp de M\u00e9xico a utilizar y tratar de forma automatizada tus datos personales y sensibles suministrados, los cuales formaran parte de nuestra base de datos con la finalidad de usarlos en forma enunciativa, mas no limitativa, para identificarle, comunicarle, contactarle, enviarle informaci\u00f3n, uso de imagen, audio y video, as\u00ed como para enviarlos y\/o transferirlos a terceros dentro y fuera del territorio nacional por cualquier medio que permita la Ley para cumplir con nuestros fines sociales.<br \/>\nMediante la aceptaci\u00f3n y autorizaci\u00f3n para el tratamiento de sus datos personales en los t\u00e9rminos antes se\u00f1alados, nos faculta expresamente a transferirnos a autoridades de cualquier nivel (Federal, Estatal, Municipal), organismos p\u00fablicos y privados, diversas empresas y\/o personas f\u00edsicas dentro y fuera de M\u00e9xico, y se autoriza a poder emitir documentaci\u00f3n, oficial o no, a sus representantes legales y familiares o parientes.<\/p>\n<p>1 La temporalidad del manejo de sus datos personales ser\u00e1 indefinida a partir de la fecha en que nos los proporcione, pudiendo oponerse al manejo de los mismos en cualquier momento que lo considere oportuno de acuerdo a la Ley; en caso de que su solicitud de oposici\u00f3n sea procedente, Grupo Hi Tech Temp de M\u00e9xico dejar\u00e1 de manejar sus Datos Personales sin ninguna responsabilidad por nuestra parte.<\/p>\n<p>2 Grupo Hi Tech Temp de M\u00e9xico es responsable del tratamiento de sus datos personales y est\u00e1 obligado a cumplir con los principios de licitud, consentimiento, informaci\u00f3n, calidad, finalidad, lealtad, proporcionalidad \u00a0y responsabilidad tutelados en la Ley, por tal motivo con fundamento en los art\u00edculos 13 y 14 de la Ley, Grupo Hi Tech Temp de M\u00e9xicose compromete a guardar estricta confidencialidad de sus datos personales, as\u00ed como a mantener las medidas de seguridad administrativas, t\u00e9cnicas y f\u00edsicas que permitan protegerlos contra cualquier da\u00f1o, perdida, alteraci\u00f3n, acceso o tratamiento no autorizado.<\/p>\n<p>3 En t\u00e9rminos de lo establecido por el art\u00edculo 22 de la Ley, usted tiene derecho en cualquier momento a ejercer sus derechos de acceso, rectificaci\u00f3n, cancelaci\u00f3n y oposici\u00f3n a tratamiento de sus datos personales.<\/p>\n<p>4 Grupo Hi Tech Temp de M\u00e9xico ocasionalmente modificar\u00e1 y corregir\u00e1 este Aviso de Privacidad, por que le pedimos que revise este aviso regularmente en la p\u00e1gina de internet que corresponda o en\u00a0<a href=\"http:\/\/www.hitechtemp.com\">http:\/\/www.hitechtemp.com<\/a><\/p>\n<p>5 Grupo Hi Tech Temp de M\u00e9xico proteger\u00e1 sus Datos Personales y Sensibles en los t\u00e9rminos de la Ley, y le comunicar\u00e1 los elementos contenidos en las fracciones del art\u00edculo 16 de la Ley.<\/p>\n<p>6 Al aportar sus datos personales y sensibles es un hecho que presume su total aceptaci\u00f3n al contenido del presente Aviso de Privacidad. No obstante pedimos suscribir de conformidad el presente documento, el que formar\u00e1 parte de su expediente como integrante de Grupo Hi Tech Temp de M\u00e9xico.<\/p>\n<p>Acepto de conformidad el contenido del Aviso de Privacidad que me da Grupo Hi Tech Temp de M\u00e9xico.<\/p>\n<p>Se Expide el presente aviso de privacidad conforme a lo establecido en la Ley Federal de Protecci\u00f3n de Datos Personales en Posesi\u00f3n de Particulares.<\/p>\n<\/div><\/div>\n<\/div>\n<\/div>\n<\/div>","protected":false},"excerpt":{"rendered":"","protected":false},"author":1,"featured_media":0,"parent":0,"menu_order":0,"comment_status":"closed","ping_status":"closed","template":"","meta":{"footnotes":""},"class_list":["post-26","page","type-page","status-publish","hentry"],"_links":{"self":[{"href":"https:\/\/hitechtemp.com\/principal\/index.php\/wp-json\/wp\/v2\/pages\/26","targetHints":{"allow":["GET"]}}],"collection":[{"href":"https:\/\/hitechtemp.com\/principal\/index.php\/wp-json\/wp\/v2\/pages"}],"about":[{"href":"https:\/\/hitechtemp.com\/principal\/index.php\/wp-json\/wp\/v2\/types\/page"}],"author":[{"embeddable":true,"href":"https:\/\/hitechtemp.com\/principal\/index.php\/wp-json\/wp\/v2\/users\/1"}],"replies":[{"embeddable":true,"href":"https:\/\/hitechtemp.com\/principal\/index.php\/wp-json\/wp\/v2\/comments?post=26"}],"version-history":[{"count":7,"href":"https:\/\/hitechtemp.com\/principal\/index.php\/wp-json\/wp\/v2\/pages\/26\/revisions"}],"predecessor-version":[{"id":158,"href":"https:\/\/hitechtemp.com\/principal\/index.php\/wp-json\/wp\/v2\/pages\/26\/revisions\/158"}],"wp:attachment":[{"href":"https:\/\/hitechtemp.com\/principal\/index.php\/wp-json\/wp\/v2\/media?parent=26"}],"curies":[{"name":"wp","href":"https:\/\/api.w.org\/{rel}","templated":true}]}}